ve of a**3/3 - 3*a**2/2 + 1. Calculate g(m).
-2
Let a(s) = -3*s**3 + 18*s**2 - 13*s + 21. Let o(l) = 2*l**3 - 12*l**2 + 9*l - 14. Let r(g) = 5*a(g) + 8*o(g). What is r(5)?
3
Let d(h) = h**3 + 4*h**2 + 4*h + 3. Let m be d(-3). Suppose -4*v - 24 = -2*c, -4*v - 31 = -4*c - 3. Let y(s) = 4*s**2 + s**2 + 8 - 4*s**c + s. Determine y(m).
8
Let i(u) = -u**3 - u**2 + u. Let t be i(0). Let n(z) = 4*z**3 - 4*z + 5. Let v(m) = -3*m**3 + 3*m - 5. Let g(s) = 4*n(s) + 5*v(s). Calculate g(t).
-5
Let b(j) = j**2 - 6*j - 4. Let z be b(7). Let u(s) = 3*s - 4*s + 0*s**3 - 9*s**z. What is u(-1)?
10
Let b(j) = j**3 - 6*j**2 + 7*j - 5. Suppose 0 = 2*p - 7*p - 2*u + 22, -3*p + 2*u + 10 = 0. What is b(p)?
-9
Let w(p) = -8*p**3 + 2*p**2. Let v(o) = 57*o**3 - 15*o**2. Let y(a) = -4*v(a) - 30*w(a). Give y(-1).
-12
Let y(d) = -4*d**2 - 2*d + 13. Let i(s) = 11*s**2 + 5*s - 37. Let q(h) = -3*i(h) - 8*y(h). Let z(n) = n**3 - 4*n**2 - n + 4. Let w be z(4). Calculate q(w).
7
Let f(x) = -4*x - 5. Let l(k) = k**3 + 5*k**2 - k - 9. Let o be l(-5). Determine f(o).
11
Let b(x) be the first derivative of 1/2*x**2 - 1 - 7*x. Determine b(5).
-2
Let c = -3 + 3. Let j(t) = t**3 + t + 2. Give j(c).
2
Let q(h) = -h**3 + 6*h**2 - 3*h - 3. Let b be (-5)/(-40) - 26/16*-3. What is q(b)?
7
Let h be (-164)/(-9) - (-4)/(-18). Let y be (-20)/(-6)*h/15. Let q(j) = j**2 - 3*j - 3. Let g(k) = k**2 - 3*k - 3. Let c(f) = 3*g(f) - 2*q(f). Give c(y).
1
Let j(g) = -2*g + 3 + 1 - 2. Let m be 4*3/(-3 - 3). Let b be -1 + -2 - m - 1. What is j(b)?
6
Let i(o) = 3*o. Let y be (-8)/10*(5 - 0). Let t be 4*(y/(-8) - 0). Determine i(t).
6
Suppose -5*k + 0 = -10. Let n(y) = -2 - y - y**2 - k*y + 7*y. Suppose 5*r + 0*r = 25. Give n(r).
-7
Let i be (-2)/5 - 102/(-5). Let x be (-4)/(-10) + (-48)/i. Let b(h) = -h + 2. Calculate b(x).
4
Let q(i) be the third derivative of i**5/60 - 7*i**4/24 - 5*i**3/3 - 11*i**2. Calculate q(8).
-2
Let b(c) = -3*c**2 - c. Let r(f) = -f + 5. Let n = 2 + 2. Let i be r(n). Calculate b(i).
-4
Suppose u = -3*w - 0*u + 17, 2*u = 4. Let f(i) = -i**2 + 5*i + 5. Calculate f(w).
5
Let r(k) = -222 + k**3 - 7*k + 221 - 2*k**3 - 8*k**2 + k**2. Calculate r(-5).
-16
Suppose 2*g - g = 33. Suppose 0 = -5*u - m + 22, 0 = -3*u + 4*m + g - 6. Suppose -u = 2*d - 1. Let o(s) = s**3 + 2*s**2 + 3*s + 1. Determine o(d).
-5
Let i(h) be the second derivative of h**4/12 + 4*h**3/3 + 3*h**2 - 18*h. Determine i(-4).
-10
Let u(i) = -6*i**3 + i. Suppose b = 4*z + 6, -5*z - 6*b = -10*b + 13. What is u(z)?
5
Let v(f) = -f**2 - 6*f + 3. Let k be (-1 - -1)/(-3) + -6. Calculate v(k).
3
Let a(n) = 19*n. Let x be a(-1). Let r = x + 14. Let g(d) = -17*d - 26. Let h(q) = -6*q - 9. Let i(l) = -3*g(l) + 8*h(l). Give i(r).
-9
Let f(g) = g**3 + 6*g**2 + g + 4. Let s be -7 + (3 - -2 - 4). Calculate f(s).
-2
Let g(v) = -v**3 + 4*v**2 - v + 5. Let k be g(4). Let y(c) = -1 + 2*c + k - c. Give y(3).
3
Let r(l) = -l**2 + 5*l - 1. Let o be (-2)/11 + (-342)/(-66). Determine r(o).
-1
Let i(g) = 3*g. Let n(o) = 3*o + 2. Let j be n(0). What is i(j)?
6
Let l(k) be the second derivative of k**6/720 - k**5/40 - k**4/6 + 3*k. Let z(c) be the third derivative of l(c). What is z(-3)?
-6
Let p = -62 + 55. Let s(z) = z**2 + 7*z - 6. Give s(p).
-6
Let a(k) be the second derivative of k**3/6 + 4*k**2 - k. Let i be a(-6). Let p(t) = -5*t**i + t**2 + t + 0*t**2. Calculate p(1).
-3
Let f(c) = 13*c - 13. Let z(b) = 7*b - 7. Let y(d) = 6*f(d) - 11*z(d). Calculate y(-3).
-4
Let f(n) = n + 8. Suppose -3*w - 2*w - t - 30 = 0, 2*w + 2*t = -12. What is f(w)?
2
Let q(t) = t**2 + 9*t + 8. Let b = -146 + 80. Let p be (1 - -4)*b/55. Determine q(p).
-10
Let t = 3 - 3. Suppose y - 17 = -t*y - 4*f, -3*y - 14 = -f. Let q(b) = -b**2 - 4*b. Calculate q(y).
3
Let o(a) = -2*a + 4. Suppose 3*r - z - 11 = 0, -z - 1 = -r - 0*z. Suppose -4*k - r = -17. Let c be (-22)/(-6) + k/9. Calculate o(c).
-4
Let q(b) = 0*b - 1 + 2 + 3*b. Let d be 20/11 - 6/(-33). Let g be (2 + (1 - d))*1. Determine q(g).
4
Let w(q) = -q**3 + 2*q - 2. Let o be 8 - (1*-6)/(-3). Suppose 2 + o = 4*n. Calculate w(n).
-6
Let u(s) = s**3 + s**2 + 2. Let m be u(0). Let j(q) = -3 - 5*q - 4*q + 3*q - q**m. Suppose -6*a = -11*a - 15. Determine j(a).
6
Let b(z) = 5*z**2 - z. Let f(c) = c**2 + 6*c + 2. Let k be f(-4). Let s = k + 5. Give b(s).
6
Let z(i) = -4*i + 11 - 2*i**2 + i**2 + 12*i. Give z(9).
2
Let i(c) be the first derivative of 2*c**3/3 - 3*c**2 - 5*c + 3. Let g(s) = -2*s**2 + 7*s + 5. Let k(a) = 2*g(a) + 3*i(a). Let y = -7 + 11. Give k(y).
11
Let r(w) = w + 7*w**2 - 1 + 0*w**2 - 3*w. Let v = -1506 - -1505. Calculate r(v).
8
Let l(i) = -2*i. Let j(f) = -f**3 + 2*f**2 + 6*f. Let o(v) = -v**2 + 1. Let w(n) = -j(n) + 3*o(n). Suppose 3*m = m + 12. Let b be w(m). Determine l(b).
-6
Let w(j) = j**3 - 24*j**2 + 23*j + 6. Let p be w(23). Let u(k) = 2*k - 6. Give u(p).
6
Let v = 8 - 11. Let a(k) be the second derivative of 2*k**2 + 1/20*k**5 - 1/3*k**3 + 1/4*k**4 + k + 0. Determine a(v).
10
Let d(j) = 3*j**2 + 7*j + 3. Let s(t) = 4*t**2 + 6*t + 2. Let g = -11 - -14. Let n(h) = g*d(h) - 2*s(h). What is n(-8)?
-3
Let l(g) be the second derivative of 1/6*g**3 + 8*g + 0*g**2 + 0. Give l(1).
1
Let g(p) = 3*p**2 + p - 1. Let o(w) = w**2 - 7*w + 1. Let n be o(7). Let y be g(n). Let v(d) = -d**2 + 1. Calculate v(y).
-8
Let r(t) = t**2 - 6*t - 6. Let i(u) = 5*u**2 - 24*u - 25. Let n(a) = 2*i(a) - 9*r(a). Give n(-5).
-1
Let l = -2 - -1. Let i be 21/12 - l/4. Suppose u + 1 = -4*b + 19, 2 = i*b - 3*u. Let g(r) = 2*r - 5. Calculate g(b).
3
Let m(t) = t - 8 - t + 15 + 3*t. Give m(-6).
-11
Suppose 0 = -2*m - 2*h + 10, m + 2*h - 10 = -3. Let j(s) = s**3 - 2*s**2 - 5*s + 4. What is j(m)?
-2
Let d(c) = -c**3 - 2*c**2 - c - 1. Let r = -27 + 13. Let l = -17 - r. Determine d(l).
11
Let k(s) be the third derivative of s**8/20160 - s**7/5040 - s**6/360 - s**5/20 - 3*s**2. Let d(x) be the third derivative of k(x). What is d(0)?
-2
Let n(p) be the third derivative of p**6/120 - 2*p**5/15 - 3*p**4/8 + p**3/3 - p**2. Let t be n(9). Let o(y) = -y**3 + 4*y**2 - 4*y + 3. Calculate o(t).
3
Let d(v) = v**3 - 4*v**2 + 4*v - 3. Suppose 4 = 5*f - 6. Let h be (-6)/(-4) + (-1)/f. Let u be 6*2/4*h. What is d(u)?
0
Suppose -12 = -4*z - 0*z. Let t(d) = d**3 - 4*d**2 + 2*d - 3. Give t(z).
-6
Let w be (-5 + 7)/(2/6). Let r(o) = o**2 - 3*o - o + 2 - 3. Calculate r(w).
11
Let t(n) be the first derivative of -n**4/2 + n**3 + n**2/2 + 2*n + 14. Determine t(3).
-22
Let w(l) = 6 - l**3 - 11*l**2 + 3*l**2 + 2*l + 5*l**2. What is w(-4)?
14
Let a = 34 + -23. Let n be a/(-2) - (-2)/(-4). Let q(p) = -2*p + 5*p + 5 - p. What is q(n)?
-7
Let u(y) = -5*y. Let c = 6 - 5. Let d be (c/(-2))/(1/2). What is u(d)?
5
Suppose 3 = 4*i - 5. Let u(y) = y - y**i - 1 + 6 + 2*y. Suppose 0 = 4*n - 0*n + 5*l - 6, -2 = l. What is u(n)?
1
Let t(b) be the third derivative of 2/3*b**3 + 0 + 1/12*b**4 + 4*b**2 + 0*b. Give t(3).
10
Let v(m) = -m**2 + 6*m - 2. Suppose 5*g = -3*n + 14, 5*n + 2*g = -0*g - 2. Let i = 7 + n. Give v(i).
3
Suppose 0 = -4*o + 3*g - 40, -4*o + 6*g = 9*g + 64. Let q(n) = n**3 + 13*n**2 - n - 16. Calculate q(o).
-3
Let v(b) = b. Let x be -2 + (-16)/(-3) + 8/(-24). What is v(x)?
3
Let w(x) = 5*x**2 - 3 + 0*x**2 - 4*x - 6*x**2 + x. Give w(-4).
-7
Let g(s) = -2*s**3 - 5*s**2 + 7*s + 1. Let h(v) = v**3 + 2*v**2 - 3*v - 1. Let y(l) = 3*g(l) + 7*h(l). Give y(0).
-4
Let j(f) = -4*f**2 - 6*f. Let k(b) = 3*b**2 + 6*b - 1. Let t(c) = 4*j(c) + 5*k(c). Calculate t(6).
-5
Let s = 10 + -11. Let j = s - -3. Let t(f) = f - 2*f - 4 + j*f**2 + 0*f. What is t(3)?
11
Let d = -7 + 11. Suppose 5*m - d = -4*g, -3*m + 3*g = -6*m + 3. Let k(q) = q**3 + q**2 - q + 6. Give k(m).
6
Let o(f) = 10*f**3 - f**2 + f. Suppose -2*v + 2 = -6. Suppose 4 = -i - 5*r - 0, -i - v*r = 3. Determine o(i).
10
Let f(q) be the third derivative of q**4/12 + 2*q**3/3 + 4*q**2. Give f(-9).
-14
Suppose 11 = -0*h - h. Let f = h + 6. Let q = 8 + f. Let z(x) = x**2 - x. What is z(q)?
6
Let v be 3*1/6*4. Let p be (4/12)/(3/18). Let g(x) = 6*x**2 + v*x**p - x + 3*x**2. Give g(1).
10
Let h(g) = -g**3 + 4*g**2 - g - 2. Let b be h(3). Let j(k) = 0*k**2 + 4*k**2 - 5*k**2 + 4*k + b*k - 6. Suppose -27 = -4*w - 11. Determine j(w).
10
Let t(k) = -k - 1. Let z = -15 - -11. Let u be t(z). Let d(r) = r**3 - 4*r**2 + 3*r + 1. Deter